*y - 77. Give o(7).
-21
Let v(d) = 2*d**3 + 39*d**2 + 44*d - 180. What is v(-18)?
0
Let c(i) = 2*i**3 + 5*i**2 + 16*i - 46. What is c(-6)?
-394
Let c(m) = 200*m**2 - 1401*m + 6. Calculate c(7).
-1
Let m(r) = -7*r + 87. What is m(-9)?
150
Let i(g) = g**2 + 57*g - 697. Determine i(-67).
-27
Let c(n) = -6*n**2 - 108*n - 286. What is c(-3)?
-16
Let d(c) = c + 68. Determine d(-27).
41
Let z(p) = -p**3 + 3*p**2 + 113*p + 6. Calculate z(12).
66
Let l(w) = -w**3 + 7*w**2 + 82*w - 554. Calculate l(6).
-26
Let r(w) = 47*w + 915. Give r(-19).
22
Let f(d) = 30*d + 13. Determine f(-15).
-437
Let n(w) = 2*w**2 + 461*w + 5454. Determine n(-218).
4
Let m(k) = -2820*k - 25359. Determine m(-9).
21
Let o(n) = 2*n**3 + 29*n**2 - 232*n - 1155. Give o(-19).
4
Let z(d) = -d**3 + 17*d**2 + 35*d - 302. Calculate z(18).
4
Let h(c) = 28*c**2 - 22*c - 33. What is h(4)?
327
Let l(g) = -928*g - 25052. Calculate l(-27).
4
Let v(c) = 63*c - 11398. Give v(181).
5
Let k(q) = -q**2 + 148*q + 579. Determine k(152).
-29
Let w(k) = 66*k**3 - 8248*k**2 - 250*k. What is w(125)?
0
Let d(q) = 12*q**2 - 80*q - 23. What is d(7)?
5
Let f(d) = -d**2 + 243*d - 1933. Calculate f(8).
-53
Let c(r) = 207*r - 1211. Determine c(6).
31
Let p(f) = 71*f**2 + 477*f. What is p(-6)?
-306
Let l(j) = -11*j**2 + 13*j - 9. Give l(0).
-9
Let p(d) = -8*d - 231. What is p(-48)?
153
Let d(m) = 60*m - 3726. Determine d(62).
-6
Let j(q) = 22*q - 164. What is j(16)?
188
Let t(k) = -17*k**2 - 73*k - 18. Calculate t(-4).
2
Let f(a) = -160*a - 166. What is f(-1)?
-6
Let t(z) = 54*z + 230. Determine t(-4).
14
Let f(v) = -387*v + 18581. Calculate f(48).
5
Let o(c) = 4*c**3 + 77*c**2 + 161*c + 46. What is o(-17)?
-90
Let u(c) = 35*c - 1550. Calculate u(44).
-10
Let i(h) = -459*h + 465. Give i(1).
6
Let y(b) = -4*b + 81. Determine y(35).
-59
Let b(m) = -26*m + 14. What is b(0)?
14
Let d(j) = j**2 + 21*j - 46. What is d(-18)?
-100
Let k(q) = -97*q - 875. Determine k(-9).
-2
Let t(u) = -14*u**2 + 1787*u - 1788. Calculate t(1).
-15
Let l(j) = -j**2 + 8*j + 307. Give l(19).
98
Let i(s) = 2*s**3 - 22*s**2 - 14*s - 120. Calculate i(12).
0
Let c(g) = 7*g**2 + 77*g + 456. Determine c(-6).
246
Let h(k) = -24*k**2 + 64*k - 170. Determine h(3).
-194
Let v(y) = -y**2 + 202*y + 1644. Calculate v(-8).
-36
Let k(h) = 9*h**2 - 441*h + 1236. Give k(46).
-6
Let k(z) = 26*z**3 - 129*z**2 + 13*z - 124. Determine k(5).
-34
Let b(m) = -2*m**3 + 22*m**2 + 16*m + 74. Give b(12).
-22
Let d(b) = 3*b**3 + 204*b**2 + 201*b - 48. What is d(-67)?
-48
Let g(t) = -59*t**2 - 56*t + 122. What is g(-2)?
-2
Let i(v) = -v**3 + 19*v**2 - 34*v + 17. What is i(17)?
17
Let v(x) = 2*x**2 - 7*x + 3. Determine v(-1).
12
Let r(x) = -5*x**2 + 134*x + 170. Determine r(28).
2
Let c(f) = -446*f**2 + 31*f + 13. What is c(1)?
-402
Let x(k) = -k**3 - 74*k**2 + 153*k + 104. Give x(-76).
28
Let d(w) = -w**2 - 5*w + 99. Calculate d(0).
99
Let f(x) = 3608*x - 57726. Calculate f(16).
2
Let k(w) = -2*w**2 - 33*w + 5. Calculate k(-18).
-49
Let q(u) = -9*u**3 - 68*u**2 - 73*u + 48. What is q(-6)?
-18
Let o(t) = 2*t**3 - 194*t**2 + 739*t + 466. What is o(93)?
1
Let g(w) = w**3 + 18*w**2 + 48*w - 333. Calculate g(-11).
-14
Let u(v) = -4066*v + 89455. What is u(22)?
3
Let m(g) = g**3 - 80*g**2 + 229*g + 52. Give m(77).
-102
Let w(c) = 25*c - 27. Give w(5).
98
Let m(x) = -161*x + 1474. Give m(9).
25
Let l(w) = -w**3 - 11*w**2 + 21*w + 116. What is l(-6)?
-190
Let t(o) = -2170*o + 26067. What is t(12)?
27
Let p(j) = -j**3 + 57*j**2 + 238*j + 366. What is p(61)?
0
Let g(w) = -w**2 - 170*w - 6610. Determine g(-108).
86
Let i(k) = k**3 + 10*k**2 - 25*k + 17. What is i(-11)?
171
Let m(u) = 2*u**3 - 161*u**2 - 84*u + 261. Calculate m(81).
18
Let p(l) = 2*l**2 + 29*l - 108. Give p(4).
40
Let t(b) = b**3 - 65*b**2 + 274*b - 1828. What is t(61)?
2
Let y(b) = b**3 - 10*b**2 + b + 478. What is y(0)?
478
Let f(n) = -29*n**2 - 10*n + 21. What is f(2)?
-115
Let l(b) = -15*b**3 + 589*b**2 - 156*b - 8. Determine l(39).
-8
Let b(r) = -r**2 - 45*r - 481. What is b(-18)?
5
Let x(c) = -c**3 + 47*c**2 + 697*c - 32773. Give x(47).
-14
Let f(m) = -109*m - 375. Determine f(-2).
-157
Let s(l) = -16*l**2 - 122*l + 33. Give s(-8).
-15
Let z(f) = 3*f**2 + 31*f + 74. What is z(-13)?
178
Let r(p) = -p**3 - 81*p**2 + 1225*p + 303. What is r(-94)?
21
Let k(z) = -z**3 - 34*z**2 + 19*z - 570. What is k(-35)?
-10
Let k(w) = -w**3 + 13*w**2 + 11*w + 286. Give k(15).
1
Let w(u) = -27*u + 596. Give w(-15).
1001
Let f(w) = 307*w**2 + 2129*w - 2. Determine f(-7).
138
Let l(o) = o**3 - 5*o**2 - 23*o + 87. Determine l(8).
95
Let j(x) = -17*x**2 - 87*x + 4. Give j(-7).
-220
Let y(l) = -2*l**3 - 86*l**2 - 2*l - 40. What is y(-43)?
46
Let j(d) = 2*d**3 - 379*d**2 + 184*d + 938. Calculate j(189).
-7
Let v(m) = m**3 - 33*m**2 + 34*m - 62. Determine v(32).
2
Let u(v) = 2*v**2 + 386*v + 1992. What is u(-5)?
112
Let u(d) = -12699*d + 126988. Give u(10).
-2
Let y(x) = -2*x**3 - 3*x**2 + 2*x + 34. Determine y(0).
34
Let r(f) = -2*f**2 - 279*f + 1630. Calculate r(6).
-116
Let b(v) = 6*v**2 + 67*v - 234. What is b(-14)?
4
Let r(l) = -l**3 + 4*l**2 + 140*l - 285. Calculate r(2).
3
Let c(n) = n**2 - 17*n - 772. What is c(37)?
-32
Let t(h) = h**3 + 241*h**2 - 1239*h - 2216. Give t(-246).
-2
Let y(l) = 52*l + 411. Calculate y(9).
879
Let r(c) = -29*c - 307. Determine r(-11).
12
Let r(x) = -5*x**3 - 546*x**2 - 109*x - 1. Calculate r(-109).
-1
Let v(s) = s**2 + 44*s + 322. Give v(-35).
7
Let b(h) = -h**3 - 31*h**2 + 25*h + 6. Determine b(1).
-1
Let i(h) = -30*h**2 + 13*h + 14. Determine i(-4).
-518
Let t(r) = r**3 + 84*r**2 + 80*r - 245. Calculate t(-83).
4
Let o(z) = 16*z + 1035. Calculate o(-48).
267
Let r(g) = 2*g**2 - 191*g + 916. What is r(90)?
-74
Let r(p) = p**3 + 25*p**2 + 21*p + 28. What is r(-24)?
100
Let t(n) = -n**2 - 18*n - 52. Give t(-14).
4
Let j(c) = -c**2 + 47*c + 193. What is j(51)?
-11
Let p(k) = -6*k**2 - 4*k + 134. Calculate p(-6).
-58
Let w(j) = j**2 - 852*j + 14. Calculate w(0).
14
Let l(f) = -60*f - 76. Determine l(-7).
344
Let r(f) = -f**2 - 67*f + 434. Determine r(-72).
74
Let d(j) = 24*j**3 + j**2 + 34*j - 34. Determine d(1).
25
Let u(j) = -648*j - 7134. Calculate u(-11).
-6
Let h(y) = y**3 - 62*y**2 - 65*y + 219. Calculate h(63).
93
Let j(n) = 2*n**3 + n**2 - 2*n + 82. Give j(-5).
-133
Let a(r) = -2*r**3 + 35*r**2 - 15*r - 24. What is a(17)?
10
Let y(l) = -15*l**2 + 257*l - 24. Calculate y(17).
10
Let x(g) = 753*g + 3890. Determine x(-5).
125
Let f(h) = -28*h + 7. What is f(2)?
-49
Let d(l) = l**3 + 33*l**2 + 49*l - 109. Give d(-3).
14
Let a(r) = 3*r**3 + 10*r**2 + 6*r + 13. Give a(-3).
4
Let j(l) = -4*l**2 + 729*l - 912. Calculate j(181).
-7
Let m(z) = -7*z**3 + 2797*z**2 + 1199*z + 394. Give m(400).
-6
Let f(p) = 2*p**2 + 122*p + 1721. Give f(-17).
225
Let b(s) = 27*s - 1290. Determine b(48).
6
Let f(p) = -1272*p + 5220. Calculate f(4).
132
Let n(d) = -3*d**2 + 157*d - 70. Determine n(52).
-18
Let l(f) = f**3 + 311*f**2 + 323*f + 12. Give l(-1).
-1
Let x(a) = -a**3 + 8*a**2 - 27*a + 30. Give x(5).
-30
Let a(k) = k**3 - 32*k**2 + 54*k + 191. What is a(30)?
11
Let n(o) = -340*o**2 + 1359*o - 9. What is n(4)?
-13
Let i(j) = 3*j**2 - 17*j + 1. What is i(3)?
-23
Let u(v) = -2*v**2 + v - 62. Give u(0).
-62
Let y(s) = 21*s - 2322. Calculate y(95).
-327
Let c(d) = -280*d**2 - 12880*d - 7. Calculate c(-46).
-7
Let b(c) = c**3 + 54*c**2 + 585*c - 6. Determine b(-15).
-6
Let w(g) = -122*g + 487. What is w(10)?
-733
Let g(a) = -2*a**3 - 14*a**2 + 31*a - 9. Determine g(2).
-19
Let x(l) = 16*l**2 - 1337*l - 1950. Calculate x(85).
5
Let j(p) = 636*p - 632. Determine j(1).
4
Let b(k) = -k**2 - 12*k + 575. Calculate b(27).
-478
Let m(y) = -28*y**2 - 1232*y - 1205. Calculate m(-43).
-1
Let c(j) = -29*j - 751. Calculate c(-39).
380
Let w(a) = -8*a**3 - a**2 + 43*a - 78. Give w(2).
-60
Let r(v) = -14*v - 47. Give r(-16).
177
Let y(o) = 636*o + 171079. Give y(-269).
-5
Let j(k) = -424*k - 60224. What is j(-142)?
-16
Let w(d) = -25*d + 302. What is w(7)?
127
Let y(v) = -8*v**2 - 27*v + 10. Give y(-5).
-55
Let k(z) = 46*z - 3763. Give k(81).
-37
Let s(b) = -159*b**3 + 4*b**2 + 3*b - 6. Determine s(1).
-158
Let z(p) = -3*p**2 - 19*p + 257. Calculate z(-15).
-133
Let o(g) = g**3 + 106*g**2 + g + 213. What is o(-106)?
107
Let y(i) 